7105. Let q be t(-85). What is the greatest common divisor of 85 and q?
5
Let n be 3/(-7) + (-10822)/(-98). Let r be (38 - (-6 - -9)) + 9. Calculate the highest common divisor of n and r.
22
Suppose 0 = h + 3*h - 60. Let q be 6/h - (-8388)/30. Calculate the greatest common divisor of 35 and q.
35
Suppose -135 = -3*m + 3*z, 0 = -5*m + 4*z + 150 + 78. What is the highest common divisor of 177 and m?
3
Let h = 1 - -4. Suppose 0*k + 1170 = h*k. Suppose -9*o - k = -11*o. Calculate the greatest common divisor of 13 and o.
13
Let d(w) = w**2 + 136*w + 938. Let f be d(-7). Calculate the greatest common factor of f and 12845.
35
Let q = -5 - -2. Let h = 26 + q. Suppose 436*k - 138*k = 75394. What is the highest common factor of k and h?
23
Let l = -509 - -735. Let n be 3/(-12)*-36 + l. What is the greatest common divisor of n and 5?
5
Let a(i) = -i**3 + 12*i**2 + 103*i - 16. Let u be a(-6). What is the greatest common divisor of 16282 and u?
14
Suppose 2*x = 8*o + 1160, 3*o = -2*x + 8*o + 1175. Calculate the greatest common divisor of x and 168.
24
Suppose -11804*g + 11805*g = 85404. What is the highest common factor of g and 22?
22
Let o(q) = 44*q**2 + 4. Let u be o(-3). Suppose 0 = h - 3*t - 22, 15*h = 12*h + 2*t + 73. Calculate the highest common divisor of h and u.
25
Let q(n) = -58*n**2 + 914*n + 3. Let r be q(15). Calculate the highest common factor of r and 156.
39
Suppose 1727*k = 1718*k + 3393. What is the greatest common divisor of k and 559?
13
Suppose -4*k + x = -361, 2*k = -2*k + 3*x + 363. Let v(u) = u**2 - 6*u + 4. Let p be v(6). Let i = 6 + p. What is the greatest common factor of k and i?
10
Let n = 239 + -163. Let b = -953 + 2273. Let l be 2/7 - b/(-35). Calculate the highest common divisor of n and l.
38
Suppose 194 = 5*i - 58*h + 59*h, 5*i + 3*h - 192 = 0. Calculate the highest common divisor of 4017 and i.
39
Let c(l) = 13*l - 11. Let r(z) = 4*z + 0*z + 0*z - 6 + 3*z. Let m(q) = 6*c(q) - 11*r(q). Let o be m(6). Calculate the greatest common divisor of 18 and o.
6
Let g be -6*6/(48/20). Let q be (g/20)/((-3)/252). Suppose 12 - q = -3*n. Calculate the greatest common factor of n and 34.
17
Let f = -281 + 405. Suppose -4*d - 283 = -3*i, 0*i - 2*i = -2*d - 188. Calculate the highest common factor of f and i.
31
Suppose 3*k - 6 = -0*k. Suppose -k*m - 2*h = -3*h - 736, 0 = -4*m - h + 1478. Calculate the greatest common factor of 41 and m.
41
Let u be -2*(6480/(-18))/20. Calculate the highest common divisor of u and 8748.
36
Suppose -17*r = -3545 - 2524. What is the highest common divisor of 34 and r?
17
Suppose -7*k = -5*k. Suppose 5*t = -k*t. Suppose 2*x + 5 - 17 = t. Calculate the greatest common factor of x and 3.
3
Let b be -2 + 0 + 4 - -3. Suppose 0 = 2*q - 3*s, -2*q + s - b = -3*q. Let t be (-2)/(-12) + (-187)/(-66). Calculate the greatest common divisor of t and q.
3
Let c = 50 + -50. Suppose c = 5*k - 6 - 69. Let w = k + 140. Calculate the greatest common divisor of 62 and w.
31
Suppose 0 = -13*t + 841 + 719. Calculate the highest common divisor of 1872 and t.
24
Let s(l) = -9*l**3 + 5*l**2 + 98*l - 19. Let p be s(-8). Calculate the greatest common divisor of 15 and p.
15
Let k = -14146 - -14536. Calculate the highest common factor of 2964 and k.
78
Let n be (293136/(-2955))/((-1)/5). Calculate the highest common divisor of 31 and n.
31
Suppose -v + 4*v = 210. Let j = 273 + -233. Let a be (j/12 - 4)*-21. What is the highest common factor of a and v?
14
Suppose 456 = z - 4*w - 683, z + w = 1124. Calculate the greatest common factor of z and 115.
23
Let l be (3 - 5) + -2 - (-20)/5. Suppose l = 184*d - 182*d - 40. Calculate the highest common divisor of d and 140.
20
Suppose 8*c = -775 - 761. Let s be (c/56)/(2 + (-88)/42). Calculate the highest common factor of 42 and s.
6
Let k = -37857 - -37869. Suppose -3*b + b = -72. What is the highest common factor of b and k?
12
Suppose 5*c = 4*c - 5*c. Suppose 2*x + 5*o - 19 = c, -7*x + 25 = -2*x + 5*o. Suppose -36 = x*h - 150. Calculate the greatest common divisor of 38 and h.
19
Suppose -2*o + 29 = 3*z, -15 = 4*o + 5. Suppose -9*j = -z*j + 72. Let g be (24/(-9))/((-1)/54). What is the highest common factor of g and j?
18
Let s = -686 + 690. Suppose -196 = -s*b - u + 305, -4*u - 264 = -2*b. Calculate the greatest common divisor of 462 and b.
42
Let i(o) = o**2 - 8*o - 21. Let b = 21 - 33. Let y be i(b). Suppose -11*h + y = -749. What is the greatest common factor of h and 8?
8
Let t(x) = 93*x - 13. Let o be t(5). Let y = o + -268. Let l = 268 - y. What is the highest common divisor of 12 and l?
12
Let u = 523 - 516. Suppose -71 = u*w - 253. What is the greatest common divisor of 4 and w?
2
Suppose 0 = 2*d - 2*v - 60, -7 = -d - v + 13. Suppose 267 + d = -4*s. Let o = s - -91. What is the greatest common divisor of 2 and o?
2
Suppose 393 + 27 = 6*u. Let n be 0/(-5) + 3 - -10. Let l = n - -15. What is the highest common factor of l and u?
14
Let p(r) = 12*r + 182. Suppose 89*v + 165 = 78*v. Let m be p(v). Calculate the greatest common divisor of m and 18.
2
Let m be 3 + ((-52)/(-130))/((-2)/100). Let v(y) = -y**3 - 17*y**2 - 3*y - 27. Let k be v(m). Calculate the greatest common factor of 36 and k.
12
Let q(x) = x**3 + 70*x**2 + 110*x - 751. Let u be q(-67). Calculate the highest common factor of u and 88.
22
Suppose -t = -3*t + 176. Suppose 1574*n - 1576*n + 2 = -196. Calculate the highest common factor of n and t.
11
Suppose 14*b = 18*b + 1268. Let j = -311 - b. What is the greatest common divisor of 69 and j?
3
Suppose 2*y - 10 = 0, -5*y + 2*y - 933 = 3*p. Let f = 525 + p. What is the greatest common factor of f and 19?
19
Suppose -10*p - 317 = -13*p + 343. What is the highest common factor of 110 and p?
110
Suppose 0 = -4*v + 2*v + 18. Let o(z) = z**3 + 15*z**2 - 43*z - 14. Let g be o(-10). Let q = g + -901. Calculate the greatest common divisor of q and v.
3
Let z be 3/15 - (-1870)/25. Let b be 32/20*z/10. What is the highest common factor of b and 16?
4
Let u(c) = 4*c**2 + 6*c. Let p be u(3). Let f = p + -59. Let x be 2/(1385/275 + f). What is the highest common factor of x and 5?
5
Let u be (9/15 + (-10122)/120)*-4. Suppose 4*m - 1026 + u = -5*v, -5*v + 3*m = -663. What is the highest common divisor of v and 10?
5
Let k = 36 + -98. Let t = k + 69. Let v(x) = 6*x**2 - 35*x + 5. Let y be v(t). Calculate the greatest common factor of y and 18.
18
Suppose 3*w - 1912 = 2*t, 5*w + 8*t - 3*t = 3195. Suppose 42*f - 81*f = -30*f - 198. What is the greatest common divisor of w and f?
22
Let u be (-6)/21 - 12/(-14)*82. Suppose 3*o + 40 = u. Let x be (-904)/(-18) + 6/(-27). What is the greatest common divisor of o and x?
10
Let r = -19205 + 25817. Calculate the highest common factor of r and 456.
228
Let m be (-10)/(-4)*(9/(-12) + (-2505)/(-300)). What is the greatest common factor of 1 and m?
1
Suppose 0*o = -8*o + 440. Let v = -53 + o. Suppose 0 = 5*m + 5, -v*m - 522 = -4*l - 0*m. Calculate the greatest common factor of 13 and l.
13
Suppose 4*k = 651 - 147. Suppose -k = -14*a - 4*a. What is the highest common divisor of 189 and a?
7
Let c(q) = 7*q**2 + 28*q + 70. Let g be c(-6). Suppose -g*m + 920 = -131*m. Calculate the highest common factor of m and 160.
40
Let v be 260/(-5)*-2 + -12. Calculate the highest common divisor of 88 and v.
4
Let j be (-4)/(160/(-24))*260. Suppose s - 112 - 44 = -2*m, 0 = -2*m - 5*s + j. What is the greatest common divisor of 52 and m?
26
Suppose 54*t - 50*t = 36. Suppose 3*g + 23 = -2*i + 163, 4*g + 2*i - 188 = 0. What is the highest common factor of t and g?
3
Suppose -55*r = -152*r + 6790. What is the greatest common divisor of 3710 and r?
70
Let n be (-8155)/(-10) - 3/(-6). Suppose 6732 = u + 197*u. What is the highest common divisor of u and n?
34
Suppose -3*k + 959 = -6*k - t, 1277 = -4*k - 3*t. Let r be ((-8)/20)/(8/k). What is the highest common divisor of 52 and r?
4
Suppose -3968 = -2*n + 4*w, 4*n - 7964 = 4*w - 3*w. Calculate the greatest common divisor of 24 and n.
24
Suppose -b = -0*b - 17*b. Suppose b = -20*u + 31*u - 561. Calculate the greatest common divisor of 17 and u.
17
Let z = -73 - -77. Let p be -1*(z + 0 + -3). Let a be (-80)/(p + -1) - (-2 + -2). What is the highest common divisor of a and 44?
44
Let l(w) = w**2 - 3*w - 12. Suppose -4*o -